 Let l(n) be the first derivative of z(n). What is l(3)?
4
Let c(t) = 7*t**2 - 3*t**2 + 0*t**2 + 3*t + 2. Let q = -25 + -4. Let n = 27 + q. Calculate c(n).
12
Let y(j) = 3*j - 4. Suppose 2*u + 3*q + 588 = 0, -5*u + 2*u + 4*q = 916. Let t be ((-2)/4)/(6/u). Suppose 0 = -5*n + l + t, -10 + 0 = -2*n - 3*l. Give y(n).
11
Suppose 0 = 9*q - 10*q + 2*v - 25, -3*q = v - 16. Let p(o) = 7*o**3 + o**2 + 0*o**2 + 0*o - 1 + o. Calculate p(q).
8
Let h(f) = -39*f**3 + f**2. Let c(d) = -d**3 + 14*d**2 - 48*d + 26. Let g be c(7). Suppose -3*p - g + 36 = 0. Give h(p).
-38
Let x(m) = 41 + 19441*m**3 - 31*m**2 - 38867*m**3 + 5*m + 19429*m**3. Give x(10).
-9
Let g(o) = -3*o - 7*o + 4*o + 2*o - 14. Give g(9).
-50
Let i(d) = -9 - 24 + 43*d**2 - 53*d**2 - d**3 + 11 - 18*d. What is i(-8)?
-6
Let x(b) = -2*b - 1. Let k be 1*75/3*(-8)/(-20). Let f be (1 - -4)*(-14)/k. Determine x(f).
13
Let c(l) = 2 - 124*l + 224*l - 79*l - 6. Determine c(-5).
-109
Let z(u) be the first derivative of -u**6/120 - u**5/15 + u**4/12 - u**3/6 - 119*u**2/2 - 114. Let n(o) be the second derivative of z(o). Calculate n(-4).
-9
Suppose -4*p + 19 - 7 = 5*w, 4*w = 0. Let j(o) = o**3 - 7*o**2 + 8*o + 5. Let m(n) = 2*n**3 - 6*n**2 + 7*n + 4. Let l(v) = p*j(v) - 2*m(v). Calculate l(-10).
7
Let d(k) = 16*k - 6. Let j(n) = -4*n + 1. Let l(v) = -2*d(v) - 9*j(v). Calculate l(0).
3
Let a = 21872 + -21882. Let d(r) = 2*r**3 + 20*r**2 - 26. What is d(a)?
-26
Suppose -7*o - 3304 = 175. Let f = o - -503. Let n(t) = 2*t - 3. Give n(f).
9
Suppose -25*w + 360 = 15*w. Suppose -w*g = 70 + 2. Let k(b) = b**3 + 7*b**2 - 9*b + 10. What is k(g)?
18
Let v(x) be the first derivative of x**3 + 51*x**2/2 + 52*x - 143. Let b be v(-16). Let u(m) = -3*m**2 + 11*m + 4. Give u(b).
0
Let m(y) be the third derivative of 1/4*y**4 - 4/3*y**3 + 0*y + y**2 + 0 + 1/60*y**5. Give m(-8).
8
Let j(o) = o**3 + 10*o**2 - 20*o + 11. Let m(y) = -9*y - 327. Let k be m(-35). Calculate j(k).
-37
Let j(t) = -t**3 - 5*t**2 + 2*t - 3. Let i be j(-6). Suppose 0 = 22*a - i*a + 7. Let s(o) = -o**3 - 6*o**2 + 4*o + 6. Give s(a).
27
Let g(b) be the first derivative of b**4/24 + b**3 - b**2/2 + b + 182. Let v(z) be the second derivative of g(z). Give v(0).
6
Suppose p - 2*k = 10, 1842*p - 24 = 1845*p + 3*k. Let q(v) = -65*v - 145. Give q(p).
-15
Let d(p) = -p**2 - 13*p + 8. Let a(v) = v + 2. Let o(t) = 3*a(t) + d(t). Suppose 105 = -3*x + 72. Calculate o(x).
3
Let v = -7 - -3. Suppose -4*u - 34 = -5*y, y = -2*u + 4*u + 8. Let r(z) = -4 - y + 16 - 5 - 3*z. What is r(v)?
13
Let g(a) = 4*a + 2. Let m = -42 - -23. Let l = -9 - m. Suppose 5*k = l, -y + 4 = k - 0*k. Calculate g(y).
10
Let u(y) = -y**3 - 5*y**2 + 9*y + 6. Let a(x) = -14*x**2 - 17 + 34*x**2 + 4*x**3 - 7*x**2 - 28*x + x**2. Let l(d) = -2*a(d) - 7*u(d). Determine l(6).
-14
Let a(k) = 8*k**3 - 2*k**2 - k. Let h(s) = 2*s**3 - 4*s**2 + 8*s - 8. Let c be h(4). Let j = c - 89. What is a(j)?
-9
Let q(x) be the third derivative of 1/120*x**6 + 0*x + 74 + 1/20*x**5 + x**2 - 1/24*x**4 + 1/3*x**3. Calculate q(-2).
8
Let i(d) = -d - 3. Let h(j) be the first derivative of -j**2 + 28*j - 40. Let w(m) = -h(m) + 3*i(m). What is w(0)?
-37
Let i(n) = 759*n + 12 - 768*n - 85. Give i(-7).
-10
Let p(y) be the third derivative of -y**4/2 - y**3/6 + 123*y**2. Let f(h) = -7*h. Let s(z) = -5*f(z) + 3*p(z). Determine s(3).
-6
Let c be -24*(-84)/14*(-1)/(-8). Suppose -8*n + c = n. Suppose -2*t + 4 = -n*q, 0 = -4*t - q - 4*q - 37. Let b(h) = h**3 + 3*h**2 + h + 3. Determine b(t).
0
Let g(m) = -2*m**2 - 27*m - 128. Let r(q) = 426*q - 1284. Let v be r(3). Determine g(v).
-38
Let j(i) be the third derivative of i**4/3 + i**3/2 - 104939*i**2. Suppose 2 - 12 = -5*o - 5*h, 2*o = -h + 7. Determine j(o).
43
Let r(y) be the third derivative of -y**5/60 + y**4/6 - y**3 + y**2. Let u(l) = -10*l - 5*l + 51 + l - 2*l + 17*l. Let c be u(-47). Determine r(c).
-6
Let j(q) = 2*q**2 + 14*q - 15. Let t be j(-8). Let a(p) = 85*p - 2. Give a(t).
83
Let z(w) = -22*w + 15. Let k = 3338 - 3337. Give z(k).
-7
Let j(q) = q**3 - 11*q**2 + 8*q + 13. Let l(i) = -158*i + 4118. Let b be l(26). What is j(b)?
-7
Let z(s) be the second derivative of s**4/12 - 11*s**3/6 + 9*s**2 + s - 565. Calculate z(10).
8
Suppose -2*x + 7*x + 30 = 5*a, 0 = -2*x - 5*a + 9. Let c(v) be the first derivative of v**3/3 + 3*v**2 - v + 7. What is c(x)?
-10
Let r(h) be the first derivative of h**4/24 + h**3/3 - 3*h**2/2 - 2. Let u(z) be the second derivative of r(z). Let m be 6/(-21)*(-210)/(-20). Calculate u(m).
-1
Let q = -4 - -7. Let w(a) = -2*a - 24. Let g be w(-12). Let l(t) = -2701*t**2 + 4*t - 4 + 2699*t**2 + g. Give l(q).
-10
Let j be 48/60 + (-54)/80 - 294/48. Let m(k) be the first derivative of -k**3/3 - 3*k**2 + 11*k - 1. Determine m(j).
11
Let k(g) = 5*g. Suppose -2*m + 0*y - y = 12, -4*y = -3*m - 7. Let r(p) = p**3 + 8*p**2 + 3*p - 1. Let v be r(m). Let c = -58 + v. What is k(c)?
5
Let s = -8 + 8. Let y(h) = -5*h - 80*h**2 + 3 + s*h + 79*h**2. Give y(-6).
-3
Let x be 1*50 - (-2)/5*-5. Let h = x - 54. Let u(b) = 6 - 21 - b + 6. Give u(h).
-3
Suppose 4*p - 4*u - 28 = -76, 3*p + 2*u = -41. Let h(t) = t**3 + 14*t**2 + 14*t. Give h(p).
-13
Let a = 1681 + -1678. Let n(x) = 3*x**2 - 2*x**3 + x + 3*x - 5*x. Calculate n(a).
-30
Let h(t) be the first derivative of -t**2/2 + 7*t + 178. Calculate h(8).
-1
Let n be (-12)/(3 - 5) - 2. Suppose n - 8 = -f. Let g(w) = 2*w - w**3 - 3 + 81 - 73 + 3*w**2. Calculate g(f).
-3
Let w(k) = -k - 7. Let m(d) = 50*d**2 - 11*d**2 - 18*d**2 - 18*d**2 + 1 - 3*d. Let q be m(-1). Give w(q).
-14
Let d(u) be the third derivative of 7*u**4/24 - 3*u**3/2 + 3*u**2 - 3*u. Let v(h) = 5*h - 8. Let n(k) = -4*d(k) + 5*v(k). Calculate n(-4).
8
Let s(a) = 4*a**2 - 2*a. Let r be -5*6/(-15)*1. Let n = 6 - r. Suppose 0*h - 8 = -n*p - 4*h, -2*h = -4*p - 16. Give s(p).
20
Let q(x) be the third derivative of x**4/12 + 4*x**3/3 - 68*x**2. Suppose 15*o + 12*o = -108. What is q(o)?
0
Suppose -35 = 4*n + 1. Let y(u) = 11*u**2 - 4*u + 4. Let f(r) = -14*r**2 + 3*r - 3. Let c(i) = 4*f(i) + 5*y(i). Calculate c(n).
-1
Let v(z) = -2*z**2 - 14*z + 142. Let l be v(-12). Let a(g) = -2*g**2 + 43*g + 30. Determine a(l).
8
Suppose -393 = -61*v - 35*v + 375. Let d(r) = -r**2 + 9*r - 27. Calculate d(v).
-19
Let p(w) = -2*w**3 + 5*w**2 + 3*w + 3. Let f be p(3). Let s(g) = 3 - 5*g**f + g**3 - 1 + 2*g**3 + 4*g**2. Calculate s(3).
-16
Let l be (4/(-29))/(14/(-203)). Let h(r) be the first derivative of -7/2*r**l + 1/3*r**3 + 3 - r. What is h(7)?
-1
Let i(o) = -2*o - 1. Let p be 0 - 2/2 - 6. Let f(j) = -j**3 - 9*j**2 - 12*j + 16. Let k be f(p). Suppose -3*d - 5 = -4*u, 4*u - u - 8 = -k*d. Determine i(u).
-5
Suppose -9*v + 6*v = -5*t + 26, -13*v - 2*t + 53 = 0. Let h(p) = 4*p**2 - 3*p + 7. Give h(v).
34
Let c(j) = -19*j**3 + 13*j**2 + 96*j - 2. Let v(z) = 7*z**3 - 4*z**2 - 32*z - 1. Let y(d) = 3*c(d) + 8*v(d). Calculate y(10).
6
Let g(d) be the first derivative of d**4 + 3*d**2/2 - 4*d + 1822. What is g(2)?
34
Let c(l) = -13*l - 14. Let d(a) = -5*a - 5. Let o(w) = -w**3 + 13*w**2 - 39*w - 4. Let f be o(7). Let s(b) = f*d(b) - 6*c(b). What is s(4)?
-29
Let s(w) = 2*w**3 - 39*w**2 + 23*w - 72. Let m be s(19). Let r(q) = -2*q**3 + 2*q**2 + q - 1. Determine r(m).
-93
Let n(q) be the first derivative of -9/2*q**2 - 160 + 21*q + 1/3*q**3. Determine n(6).
3
Let f(b) = -b**3 + 13*b**2 + 7*b + 19. Let g(p) = 3*p**2 + 36*p + 14. Let k be g(-12). Give f(k).
-79
Let d(a) = a + 10*a - a**2 - a - 7*a + a**3 + 2*a - 7. What is d(2)?
7
Suppose 137*t - 132*t - 70 = -5*h, 66 = 5*t + 4*h. Let y(b) = -11*b**2 + 2*b**3 - b + b**2 + 9 - b**3. Calculate y(t).
-1
Suppose 14*c = -13*c + 29*c. Let x be (40/(-14))/((-6)/21 - c). Let o(h) = -h**3 + 11*h**2 - 10*h - 3. What is o(x)?
-3
Let l(x) = x**3 + 4*x - x**3 + x**3 + 4*x**2. Let y = -4290 - -4287. Calculate l(y).
-3
Suppose 21 = 2*v - 3*v - 5*a, 5*a + 13 = -3*v. Suppose -2*n = -5*n - 3*p + 30, 0 = -v*n - 2*p + 34. Let k(i) = i - 13*i - 6 + i**2 + n*i. Give k(6).
0
Let l(b) = -2*b. Let y = -5 - -5. Suppose y = -4*i + 7*i - 39. Suppose -d + 4*n + 1 = 2*n, -i = 2*d + n. Determine l(d).
10
Suppose 5*m = -4*s + 2350, -4*m = -12*s + 16*s - 2348. Let k(a) = -2*a**2 + 1 - s*a + 585*a. Calculate k(1).
-1
Let c = -142 - -146. Let d(i) = -i**3 - 315 + 5*i + 2*i**3 + 32